base 16
18
12101 (base 5) to base 2
1110000101
-43482 (base 9) to base 12
-14825
-112112010 (base 3) to base 5
-314322
What is -55461 (base 11) in base 10?
-80411
What is 15663 (base 7) in base 3?
20010000
-4410 (base 12) to base 6
-54420
What is -1100110111100 (base 2) in base 15?
-1e43
What is -2371 (base 14) in base 8?
-14037
What is 222221 (base 6) in base 14?
6b2d
Convert 1617 (base 8) to base 9.
1222
What is -449 (base 10) in base 7?
-1211
Convert 13154 (base 8) to base 11.
4349
What is 141131 (base 7) in base 12?
13635
What is -14038 (base 15) in base 12?
-31182
What is 26b1 (base 12) in base 2?
1000101100101
What is 10a61 (base 11) in base 2?
11111000101110
What is -1140 (base 9) in base 3?
-1011100
-1000001102 (base 3) to base 14
-7289
What is -1031 (base 4) in base 12?
-65
What is 2555 (base 7) in base 6?
4255
Convert -100432 (base 7) to base 11.
-11879
Convert 1071 (base 8) to base 11.
478
What is 350 (base 8) in base 16?
e8
5014 (base 16) to base 3
1001010021
What is -66263 (base 7) in base 12?
-973b
211134 (base 5) to base 3
100122220
Convert -2234 (base 7) to base 5.
-11214
-48298 (base 11) to base 16
-10fb9
-1533 (base 6) to base 8
-641
Convert 4074 (base 9) to base 14.
1131
What is 126a (base 14) in base 5?
100410
-11513 (base 8) to base 4
-1031023
10002 (base 3) to base 14
5d
Convert -25843 (base 9) to base 15.
-5289
7607 (base 10) to base 14
2ab5
-3a73 (base 11) to base 14
-1cd5
Convert -1020111 (base 3) to base 9.
-1214
520 (base 15) to base 4
102003
What is -479 (base 14) in base 2?
-1101111011
-2033 (base 9) to base 13
-8a6
-101011001100100 (base 2) to base 15
-6846
What is -1200021020 (base 3) in base 10?
-33000
Convert 4316 (base 7) to base 12.
a78
3252 (base 9) to base 10
2396
What is -35266 (base 9) in base 2?
-101101111111110
What is -112 (base 6) in base 11?
-40
-1121211021 (base 3) to base 2
-111110011001100
Convert 10ac1 (base 13) to base 16.
76c8
Convert f84c (base 16) to base 3.
10020012020
2749 (base 11) to base 3
11212221
24334 (base 5) to base 15
82e
Convert -1100121221 (base 3) to base 12.
-13551
Convert 519 (base 14) to base 15.
46d
What is -1045 (base 12) in base 8?
-3365
13500 (base 6) to base 8
4114
Convert -528 (base 12) to base 9.
-1025
Convert d76 (base 15) to base 9.
4143
8a39 (base 16) to base 11
24649
What is 356 (base 16) in base 9?
1148
-20320 (base 6) to base 4
-222120
What is 21032 (base 4) in base 3?
210212
Convert 128 (base 10) to base 15.
88
2124033 (base 5) to base 12
18abb
What is 8703 (base 11) in base 13?
5306
Convert 23335 (base 6) to base 10.
3371
What is 110011000001 (base 2) in base 6?
23041
261516 (base 7) to base 16
bded
What is 54d1 (base 14) in base 10?
14687
What is 451 (base 12) in base 2?
1001111101
Convert 151 (base 8) to base 4.
1221
8539 (base 11) to base 16
2c1f
What is -1868 (base 12) in base 6?
-21412
Convert -293 (base 12) to base 7.
-1110
-5257 (base 10) to base 5
-132012
What is -76 (base 16) in base 12?
-9a
Convert -3523 (base 12) to base 16.
-172b
202637 (base 8) to base 2
10000010110011111
Convert -8382 (base 10) to base 9.
-12443
What is 1101011100001 (base 2) in base 10?
6881
-161 (base 14) to base 5
-2111
What is -8178 (base 10) in base 12?
-4896
265 (base 11) to base 5
2223
-101100010001 (base 2) to base 4
-230101
185 (base 13) to base 8
426
Convert 4803 (base 11) to base 8.
14227
What is 5a74 (base 14) in base 7?
64004
What is -37398 (base 10) in base 16?
-9216
What is -101111001111 (base 2) in base 11?
-22a9
-5af3 (base 16) to base 4
-11223303
-6358 (base 11) to base 10
-8412
What is -113401 (base 6) in base 5?
-303430
Convert 10362 (base 7) to base 4.
220200
What is -181c (base 14) in base 4?
-1003302
-67 (base 9) to base 6
-141
What is 440 (base 11) in base 10?
528
Convert -3040 (base 7) to base 16.
-421
What is 4112 (base 6) in base 15?
408
What is -1144 (base 5) in base 9?
-213
Convert a3b (base 13) to base 5.
23430
-101011100 (base 2) to base 4
-11130
What is 6386 (base 10) in base 4?
1203302
1010010110001 (base 2) to base 5
132142
What is 519 (base 16) in base 13?
795
What is -500c (base 14) in base 2?
-11010110100100
Convert 323 (base 4) to base 2.
111011
2332200 (base 4) to base 9
17646
What is 16cf (base 16) in base 7?
23011
33331 (base 5) to base 15
a61
-7867 (base 14) to base 15
-62b2
What is -4142122 (base 5) in base 7?
-403311
568 (base 15) to base 9
1608
What is -2101 (base 3) in base 15?
-44
-1011202 (base 3) to base 16
-359
Convert 343130 (base 5) to base 14.
469c
Convert -5644 (base 7) to base 8.
-3771
Convert 101110 (base 3) to base 8.
432
-10000100100010 (base 2) to base 8
-20442
Convert -9d9 (base 16) to base 12.
-1561
Convert 10021232 (base 4) to base 8.
41156
-11010111 (base 4) to base 2
-101000100010101
What is 3151 (base 9) in base 7?
6514
Convert 14401 (base 6) to base 15.
a3a
Convert -12466 (base 7) to base 10.
-3331
12ffe (base 16) to base 3
10221202022
What is -11011111 (base 2) in base 14?
-11d
232 (base 6) to base 12
78
-a266 (base 11) to base 10
-13624
-7 (base 14) to base 5
-12
4a10 (base 12) to base 14
3096
100 (base 12) to base 5
1034
Convert -3121221 (base 4) to base 11.
-a513
What is -2232 (base 6) in base 10?
-524
Convert 432123 (base 6) to base 13.
131bb
11110000 (base 3) to base 15
e60
-9914 (base 10) to base 5
-304124
Convert 203540 (base 7) to base 14.
ca20
What is 10320 (base 5) in base 2?
1011000110
What is 20200 (base 5) in base 12?
904
What is -10112101 (base 3) in base 9?
-3471
What is -4155 (base 6) in base 8?
-1647
What is -13b (base 14) in base 6?
-1053
What is 2296 (base 12) in base 7?
14151
Convert 6838 (base 11) to base 5.
241440
Convert -644b (base 12) to base 14.
-401d
What is -210122 (base 3) in base 16?
-248
Convert -b75 (base 15) to base 7.
-10352
-101132 (base 4) to base 5
-13433
What is -7a40 (base 12) in base 6?
-142520
Convert -22413 (base 5) to base 11.
-1232
Convert 1430 (base 7) to base 9.
682
-1000 (base 7) to base 12
-247
What is -371a (base 12) in base 4?
-1201012
Convert -165 (base 10) to base 12.
-119
72b4 (base 13) to base 10
15864
Convert 546 (base 9) to base 12.
313
14444 (base 6) to base 2
100100011100
What is 2100201002 (base 3) in base 11?
31990
What is -5130 (base 6) in base 13?
-693
Convert -2001121210 (base 3) to base 16.
-9e64
-2013 (base 5) to base 2
-100000010
Convert 448 (base 15) to base 9.
1285
Convert -100011000111101 (base 2) to base 6.
-215125
-1030 (base 15) to base 4
-311130
1e5 (base 15) to base 8
670
-11011101010 (base 2) to base 16
-6ea
718 (base 9) to base 14
2da
-113416 (base 7) to base 15
-60d1
11687 (base 9) to base 7
31621
What is 250 (base 12) in base 9?
426
Convert 1000111001110 (base 2) to base 6.
33034
-12145 (base 9) to base 15
-262b
Convert 5829 (base 11) to base 6.
55234
-200122212 (base 3) to base 16
-3524
Convert 846 (base 11) to base 2.
1111111010
Convert 7386 (base 10) to base 12.
4336
Convert -89bb (base 15) to base 8.
-71021
Convert 114b (base 14) to base 6.
21531
What is 1001101000 (base 2) in base 11?
510
What is 24111 (base 5) in base 7?
5123
What is 120432 (base 5) in base 7?
16045
What is -43615 (base 8) in base 11?
-12842
What is -31a3 (base 13) in base 7?
-26045
What is 327 (base 12) in base 5?
3323
2786 (base 14) to base 2
1101101000010
Convert -1100000100100100 (base 2) to base 16.
-c124
Convert a55 (base 11) to base 4.
103312
Convert 84538 (base 9) to base 6.
1110312
-b8 (base 15) to base 6
-445
What is -13320 (base 4) in base 15?
-239
Convert -555a (base 13) to base 16.
-2e81
3000 (base 10) to base 14
1144
What is 101012211 (base 3) in base 12?
4387
Convert 4610 (base 14) to base 12.
705a
What is 11312 (base 6) in base 4?
121130
-3112 (base 11) to base 10
-4127
What is -5334 (base 8) in base 16?
-adc
Convert -10520 (base 6) to base 7.
-4224
110311 (base 4) to base 15
5dd
What is 5419 (base 12) in base 4?
2100111
Convert 636 (base 9) to base 14.
291
-12035 (base 6) to base 8
-3327
Convert -10170 (base 9) to base 3.
-100012100
What is 31 (base 6) in base 4?
103
What is 11133232 (base 4) in base 14?
82bc
-1414 (base 7) to base 10
-550
556 (base 8) to base 11
303
What is 1855 (base 12) in base 11?
2238
Convert 35406 (base 7) to base 13.
41c7
What is 543 (base 8) in base 2?
101100011
Convert 10210033 (base 4) to base 16.
490f
What is 192 (ba